 -3*n. Suppose 4*a = -5*c + 252, -n*c + 176 = -3*a + 41. Calculate the greatest common divisor of 3 and c.
3
Suppose -5*u + 294 = 2*g, 86*g - 186 = -3*u + 88*g. Calculate the greatest common factor of 9195 and u.
15
Let m(v) = -129*v - 21. Suppose 0 = -13*u - 82 + 17. Let d be m(u). What is the highest common factor of 39 and d?
39
Suppose 2*v - 577 = 3*r, r - 1146 = -4*v - r. Let x = v + -261. What is the highest common divisor of 26 and x?
26
Suppose -5*c + 5*k + 82 = -38, -c - 5*k + 12 = 0. Suppose 5*y - 220 = -3*b + 504, 0 = -4*b + 12. What is the highest common factor of c and y?
11
Let n = 18852 - 18840. What is the highest common factor of n and 37308?
12
Suppose -2*g + v + 347 = 0, 4*v + 34 - 6 = 0. Calculate the greatest common divisor of g and 8942.
34
Let h(k) = 59*k**3 + k**2 - 6*k + 6. Let i be h(2). Let w = i + -394. What is the highest common factor of 19 and w?
19
Let o = -3848 + 4407. What is the greatest common divisor of o and 52?
13
Let a = -219 - 252. Let k = 480 + a. What is the highest common factor of k and 126?
9
Let p(n) = n**2 + 6*n - 11. Let j be p(-7). Let k = 145 + j. Let a = 9 + k. What is the greatest common divisor of a and 10?
10
Suppose 10*k + 124 = -26. Let z(l) = 2*l + 96. Let m be z(k). Calculate the highest common divisor of m and 374.
22
Let o(z) = -245*z + 4*z**2 - 2 + 129*z + 121*z. Let a be o(3). Let r(j) = j**2 + 11*j + 2. Let l be r(-12). What is the greatest common factor of l and a?
7
Let s be (2 - 3)/(1/(-19)). Suppose -5*a + 6*k = -1205, -219 = 4*a - 5*k - 1182. Calculate the highest common divisor of a and s.
19
Let f be 550/(-2) + 5 + -2 + 2. Let a be ((-5)/(f/(-12)))/((-1)/9). Let i be 16/6*(-36)/(-8 + a). What is the greatest common divisor of 4 and i?
4
Let z be 8/(-1 - -5) + -4. Let j(a) = 5*a**2 - 4*a - 2. Let f be j(z). Let g = f + -18. Calculate the highest common factor of 16 and g.
8
Suppose -22*f + 17*f + 383 = 2*z, 3*f + 3*z = 246. What is the greatest common divisor of 1387 and f?
73
Suppose 4*r + 618 + 779 = 5*i, 0 = -3*i - 3*r + 822. Let t = i - 263. Calculate the greatest common factor of t and 112.
14
Suppose 1653*y = 1607*y + 14168. What is the highest common factor of 168 and y?
28
Suppose 15 = 376*a - 375*a. Suppose -a*f = -954 + 324. What is the greatest common divisor of f and 357?
21
Suppose 17*n + 13*n = 46953 - 1173. Calculate the highest common divisor of 28 and n.
14
Suppose -99 = -2*r + p, 194*r + 148 = 197*r - p. Suppose -3*c + 1375 = 4*s, 0 = -2*s + 5*c + 411 + 270. What is the greatest common factor of s and r?
49
Let i(r) = -3366*r + 94. Let b be i(0). Let n(m) = 53*m**3 - 1. Let z be n(2). What is the greatest common divisor of z and b?
47
Let l = 671 + -758. Let x = -573 + -9. Let w = l - x. What is the greatest common factor of w and 55?
55
Let c = 13 - -1. Suppose h + 4 = -0*h, -5*h = -2*y + 20. Suppose -87 = -3*w + 3*g - y*g, -w - 4*g = -24. Calculate the highest common factor of w and c.
14
Suppose 142*u - 252 = 138*u - 3*l, 5*u - 3*l - 288 = 0. Calculate the highest common divisor of 1420 and u.
20
Suppose 497*f = 30840 - 26. What is the greatest common factor of f and 162?
2
Let l = -47 - -51. Suppose 0 = -l*q + 9 + 171. Let y = -38 + q. What is the highest common factor of y and 14?
7
Suppose -3*i - 922 = -4531. Suppose -3*x + 4*d = 279 - i, 3*d + 615 = 2*x. What is the highest common divisor of 8 and x?
8
Suppose 4675 = 26*x - 1799. Calculate the greatest common factor of x and 25149.
249
Let z be 3 + -2 + -6 + 1524. What is the highest common factor of 49 and z?
49
Suppose 0 = -0*q + 4*q + 5*v - 42, -q + 23 = -5*v. Suppose 5*a - 2*n = 512, 0*n = 2*n - 8. Calculate the greatest common factor of q and a.
13
Let m(s) = 83*s + 76. Let o be m(-8). Let i = o - -912. What is the highest common divisor of 36 and i?
36
Let r = -2867 + 2875. What is the greatest common factor of r and 7472?
8
Suppose 5*l - 3*n - 7113 = 0, 29*l - 5676 = 25*l + 4*n. What is the highest common factor of l and 924?
84
Suppose 55554 + 59228 = 432*x + 26654. What is the highest common divisor of 4114 and x?
34
Suppose -12*w + 9*w = -531. Let y = w + -87. What is the greatest common divisor of y and 12?
6
Suppose 7*n + 96 = 15*n. Let j be (352/12 - -2) + 8/n. Suppose 2*g + 1408 = 6*g. Calculate the greatest common factor of g and j.
32
Suppose -509 - 1144 = -29*g. What is the greatest common factor of 133 and g?
19
Suppose 4*w = 5*k + 33, -8*w + 4*k + 28 = -4*w. Suppose 142 + 26 = w*b. Let u = -260 + 316. What is the highest common divisor of u and b?
28
Let c = -14700 - -15161. Calculate the highest common factor of 7 and c.
1
Let b = -15148 - -15239. Calculate the greatest common factor of 26663 and b.
91
Let w = -4009 - -4026. Calculate the greatest common divisor of w and 2567.
17
Let y = 66 - 47. Let c(u) = -23*u + 10. Let h(s) = -68*s + 31. Let v(l) = 7*c(l) - 2*h(l). Let f be v(-5). Calculate the greatest common divisor of y and f.
19
Suppose 7878 = 44*p - 130. What is the greatest common factor of 52 and p?
26
Let a be ((-108)/(-90))/(2/915). Suppose -a = -4*z - 441. What is the highest common divisor of z and 243?
27
Let s = 14 + 71. Suppose -o + 0*n = -5*n + 112, -3*n + 9 = 0. Let u = o + 131. Calculate the greatest common divisor of u and s.
17
Let k(g) be the third derivative of g**4/6 - 37*g**3/6 - 14*g**2. Let w be k(11). Let l be 69*1 - w/(-7). What is the highest common divisor of l and 28?
14
Suppose -36*s = -35*s - 98. Let d = s - 39. What is the greatest common factor of 59 and d?
59
Let y(r) = -158*r + 953. Let j be y(6). Calculate the greatest common factor of j and 223.
1
Let h(o) = 2*o**2 + 2*o - 69. Suppose 5*s = -r - 12, 5*s - 16 = -r + 7*s. Let l be h(r). What is the highest common divisor of l and 15?
15
Suppose -5411 - 24424 = -64*x + 19*x. Calculate the highest common divisor of 51 and x.
51
Suppose -78498 = 40111*u - 40129*u. What is the greatest common divisor of u and 7?
7
Let g(q) = -19*q**2 - 22*q - 21. Let j be g(-1). Let o be (6 + j)*(1 + -2 - 2). Calculate the highest common divisor of 1224 and o.
36
Let j(o) = o**2 + 2*o + 1. Let d be j(-10). Let a = -127 + d. Let b = 55 + a. What is the highest common divisor of 153 and b?
9
Let x(q) = -3*q - 3. Let n be x(-4). Let i = -335 - -390. Let t be 57/11 + (-10)/i - -22. Calculate the greatest common factor of t and n.
9
Suppose -47858 = -226*j + 29*j - 17323. Calculate the highest common factor of j and 10.
5
Let x be (-57)/(-1 + (4 - 2)). Suppose 10*y - 8199 = 2381. Let z be 19/x - y/(-6). Calculate the greatest common divisor of z and 22.
22
Suppose -7*q + 2*q = -3*z - 48, 5*z - 40 = -5*q. Let d = -1 + 8. Suppose -i = -d*i + 54. What is the highest common factor of q and i?
9
Let d be 2/(2 + (-27)/15). Suppose -26*u = -21*u - d. Suppose 3*f - 172 = u*g, 6*f = f - 5*g + 320. What is the highest common factor of 15 and f?
15
Suppose 29*u = f + 33*u - 20, -2*u = -2*f. Calculate the highest common divisor of f and 134.
2
Let j = 268 - 254. Let h be 5 + 78*35/j. What is the greatest common divisor of 80 and h?
40
Suppose -2*z + 3*j + 25 = 0, -j = 4*z - 15 - 0. Suppose c - 30 = -3*m - 4, z*c = 4*m - 41. Let h = -19 + 55. Calculate the greatest common divisor of m and h.
9
Let g(n) = -n**2 - 15*n + 4. Let w be g(-15). Let h(r) = 62*r - 256. Let x be h(6). Calculate the highest common factor of w and x.
4
Let g(k) = 81*k - 1937. Let p be g(25). What is the highest common factor of p and 3036?
44
Let m(y) = -5*y**2 - 32*y - 9. Let g be m(-6). Suppose g*d + 2*d - 1080 = 0. What is the highest common divisor of d and 8?
8
Let d = 23573 + -12049. Calculate the highest common divisor of 268 and d.
268
Let r be 300/10 + 3*-1. Suppose 3*y - r - 21 = 0. Suppose -i + y - 3 = 0. What is the greatest common divisor of i and 13?
13
Suppose 4*m - 10 = -2*v, -v = -2*m + 6 + 5. Suppose -26*w - 138 = -13*w - 16*w. Calculate the greatest common factor of w and m.
2
Suppose 8 = -b + 9. Let u(p) = 5*p**3 - p**2 - p + 1. Let o be u(b). Suppose 8*z - 396 = -o*z. Calculate the highest common factor of 264 and z.
33
Let c be 134 + ((-33)/(-11))/(6/(-4)). What is the highest common divisor of 528 and c?
132
Let f be 1/(-2) - (1 + 38/(-4)). Let s(w) = -w + 29. Let k be s(f). Calculate the highest common factor of k and 14.
7
Supp